307
Let w(z) = 1469*z - 116048. Give w(79).
3
Let u(w) = w**2 + 42*w + 191. Determine u(-44).
279
Let t(j) = j**2 - 133*j - 548. What is t(-4)?
0
Let j(c) = c**3 - 60*c**2 + 114*c + 118. Give j(58).
2
Let u(n) = n**3 - 7*n**2 - 68*n + 3. Calculate u(-6).
-57
Let u(g) = 2*g + 43. Calculate u(27).
97
Let n(a) = -365*a - 24. Give n(-1).
341
Let j(h) = 391*h + 11719. What is j(-30)?
-11
Let z(p) = -28*p + 77. Determine z(0).
77
Let s(k) = -29*k + 260. Calculate s(14).
-146
Let z(l) = -l**2 - 11*l + 9077. What is z(90)?
-13
Let z(s) = s**3 - 72*s**2 - 3*s + 26. Give z(0).
26
Let u(o) = o**3 + 8*o**2 + 134*o + 867. Determine u(-7).
-22
Let x(v) = 23418*v - 23430. Give x(1).
-12
Let d(y) = 11*y + 354. Calculate d(-34).
-20
Let m(g) = -g**2 + 21*g - 98. Calculate m(9).
10
Let y(x) = 2*x**3 + 6*x**2 - 2*x - 21. Determine y(-3).
-15
Let l(n) = n**3 + 76*n**2 + 81*n + 333. What is l(-75)?
-117
Let f(y) = -y**2 + 4288*y - 51310. Determine f(12).
2
Let u(c) = 781*c - 70299. What is u(90)?
-9
Let a(r) = 8*r**2 - 261*r - 101. Give a(33).
-2
Let j(x) = -x**2 + 13*x + 31. Calculate j(14).
17
Let p(j) = -140*j**2 + 11*j + 6. Determine p(-1).
-145
Let b(j) = j**2 + 14*j + 42. Determine b(-7).
-7
Let m(p) = -p**2 - 125*p - 3632. Calculate m(-79).
2
Let i(f) = 2*f**2 - 9*f + 13. Determine i(2).
3
Let l(q) = -q**3 - 27*q**2 + 7302*q - 145. Give l(73).
1
Let u(a) = a**3 + 12*a**2 + 13*a + 16. Give u(-9).
142
Let z(b) = b**2 - 907*b - 58022. What is z(-60)?
-2
Let v(l) = -34*l**2 + 543*l + 10. Calculate v(16).
-6
Let c(p) = -757*p - 8339. Calculate c(-11).
-12
Let u(o) = 6*o**2 - 93*o - 125. Determine u(17).
28
Let k(f) = -f**3 - 10*f**2 - 2*f + 55. What is k(-10)?
75
Let w(q) = -q**3 + 13*q**2 + 20*q - 35. Give w(14).
49
Let s(u) = u**3 - 11*u**2 + 24*u - 29. Determine s(5).
-59
Let r(c) = -c**3 + 23*c**2 + 45*c + 120. Determine r(25).
-5
Let y(v) = -32*v**2 - 8*v + 11. Determine y(-1).
-13
Let h(k) = k**2 + 122*k - 178. Determine h(-124).
70
Let b(y) = 7*y**2 - 224*y + 610. What is b(29)?
1
Let z(y) = 9*y**2 + 107*y + 36. Calculate z(-11).
-52
Let l(t) = -t**3 - 121*t**2 + 2039*t + 46. Calculate l(15).
31
Let f(z) = 9*z - 269. Give f(60).
271
Let l(f) = -2*f**2 - 1589*f - 20314. Calculate l(-13).
5
Let c(p) = -p**3 - 50*p**2 - 103*p - 340. Calculate c(-48).
-4
Let u(o) = -o**3 + 10*o**2 + 57*o - 376. Calculate u(7).
170
Let p(v) = -36*v + 2245. Determine p(62).
13
Let v(g) = -g**3 - 7*g**2 + 86*g + 577. Determine v(-10).
17
Let z(c) = -26*c**2 + 6*c + 3. Give z(1).
-17
Let n(j) = 620*j + 3721. Calculate n(-6).
1
Let j(k) = 308*k + 3952. Give j(-13).
-52
Let h(w) = -w**3 + 14*w**2 + 30*w - 150. Calculate h(16).
-182
Let u(q) = 4*q**2 - 20*q - 148. What is u(9)?
-4
Let a(g) = 508*g + 41681. Give a(-82).
25
Let r(m) = -14*m**2 - 135*m - 269. Determine r(-2).
-55
Let x(z) = z**2 + 27*z + 177. What is x(-14)?
-5
Let n(m) = m**2 + 162*m + 1656. What is n(-151)?
-5
Let l(d) = 8*d**2 - 14*d - 63. Determine l(-3).
51
Let b(d) = d**3 + 5*d**2 + 8*d + 6. What is b(-3)?
0
Let q(u) = 2*u**2 + 42*u + 46. Give q(-22).
90
Let l(q) = -139*q - 134. Determine l(-1).
5
Let r(q) = 2*q**3 - 52*q**2 - 168*q - 42. Give r(29).
132
Let j(l) = -8*l**2 + 17*l + 23. What is j(3)?
2
Let n(c) = 2*c**3 + 30*c**2 + 51*c + 36. What is n(-13)?
49
Let c(p) = -13*p**2 - 32*p - 94. What is c(-4)?
-174
Let x(m) = -m**3 + 35*m**2 + 38*m - 100. Determine x(36).
-28
Let p(a) = a**2 - 26*a - 112. What is p(15)?
-277
Let a(f) = 4*f**2 - 34*f - 9. Calculate a(-6).
339
Let v(a) = 4*a**3 + 3*a**2 + 39*a - 1. Calculate v(-4).
-365
Let f(d) = 11*d**2 - 53*d - 170. Give f(-3).
88
Let a(y) = 2*y**3 + 67*y**2 - 335*y + 268. Give a(-38).
2
Let n(j) = -j**3 + 8*j**2 - 17*j + 377. Determine n(10).
7
Let f(m) = -5420*m - 5416. Determine f(-1).
4
Let t(n) = n**2 + 39*n + 361. Give t(-13).
23
Let u(f) = -386*f + 76427. Calculate u(198).
-1
Let q(f) = -45*f - 4165. Calculate q(-86).
-295
Let h(f) = 22*f + 480. What is h(-21)?
18
Let g(u) = u**3 - 26*u**2 + 37*u + 58. Calculate g(25).
358
Let q(z) = -71*z + 31. Determine q(2).
-111
Let s(i) = i**3 + 27*i**2 - 124*i + 13. Calculate s(-31).
13
Let d(x) = x**3 + 140*x**2 + 1054*x - 263. What is d(-132)?
1
Let j(c) = 97*c + 760. Calculate j(-9).
-113
Let r(c) = -c**2 - 27*c - 8. Give r(-18).
154
Let t(v) = 672*v + 4053. Calculate t(-6).
21
Let i(b) = 339*b + 28207. What is i(-83)?
70
Let d(q) = 368*q + 4427. Determine d(-12).
11
Let p(b) = 265*b - 1078. Calculate p(4).
-18
Let j(c) = -91*c + 232. What is j(2)?
50
Let x(j) = 16*j**2 - 14*j - 4. What is x(-3)?
182
Let f(c) = -c**3 - 94*c**2 - 785*c + 543. Give f(-10).
-7
Let c(w) = 63*w**2 - 218*w - 5. Give c(4).
131
Let z(d) = -35*d - 1791. Determine z(-48).
-111
Let n(x) = -3*x**3 + 40*x**2 - 6*x - 98. Calculate n(13).
-7
Let u(r) = 11*r**2 - 4*r + 20. Determine u(4).
180
Let m(d) = 157*d + 3144. Give m(-20).
4
Let d(y) = -66*y**2 + 157*y - 158. Determine d(1).
-67
Let s(u) = 2*u**3 + 6*u**2 + 4*u + 52. What is s(-4)?
4
Let a(m) = -2*m**3 - 28*m**2 - 46*m + 18. What is a(-12)?
-6
Let m(y) = y**3 - 10*y**2 - 2*y + 122. What is m(5)?
-13
Let w(c) = -926*c + 2832. Give w(3).
54
Let p(q) = 2*q**3 + 5*q**2 + 17*q - 52. Calculate p(3).
98
Let o(y) = -25*y**3 - 2*y**2 - 8*y - 12. Calculate o(-2).
196
Let v(n) = -n**2 - 65*n - 399. Determine v(-6).
-45
Let f(g) = -g**3 - 10*g**2 + 133*g + 561. Calculate f(-4).
-67
Let m(c) = c**3 + 37*c**2 - 15*c - 192. What is m(-37)?
363
Let g(i) = -15*i**2 - 92*i - 307. Give g(-7).
-398
Let m(p) = -8*p + 159. Determine m(20).
-1
Let t(u) = 7*u**3 - 92*u**2 + 181*u - 2. Calculate t(2).
48
Let z(h) = -2*h**3 - h**2 + 65*h + 65. Calculate z(-1).
1
Let a(r) = -2*r**3 - 36*r**2 + 4*r - 635. Give a(-19).
11
Let p(i) = 3*i**2 - 52*i + 61. Determine p(20).
221
Let d(o) = -417*o**2 + 1230*o - 3. Calculate d(3).
-66
Let z(j) = -3*j**2 + 79*j + 71. Give z(30).
-259
Let p(r) = r**2 - 19*r + 88. Determine p(16).
40
Let u(s) = s**3 + 6*s**2 - 178*s - 731. Determine u(-4).
13
Let z(o) = 2*o**2 + 18*o + 43. Give z(-8).
27
Let a(g) = g**2 - 212*g - 211. Calculate a(-1).
2
Let l(w) = -w**3 + 14*w**2 + 229*w - 1172. What is l(22)?
-6
Let w(g) = g**2 + 19*g + 165. What is w(-18)?
147
Let p(h) = 6*h**2 + 84*h + 87. Determine p(-13).
9
Let t(c) = c**2 - 292*c + 18496. What is t(199)?
-11
Let n(t) = -5*t**2 - 60*t + 209. Calculate n(3).
-16
Let v(d) = -d**3 - 3*d**2 - 2*d - 24. Determine v(-4).
0
Let o(h) = -h**3 + 25*h**2 - 40*h - 32. Calculate o(23).
106
Let w(d) = d**3 + 11*d**2 - 5*d + 182. Determine w(-13).
-91
Let s(r) = 2*r**3 - 7*r + 11. Give s(-3).
-22
Let u(c) = -c**2 - c + 28. Determine u(-12).
-104
Let n(g) = -3*g**3 + 31*g**2 - 3*g - 20. Give n(10).
50
Let h(t) = t**2 + 19*t + 14. What is h(-17)?
-20
Let f(l) = 10*l**2 - 87*l - 21. Give f(9).
6
Let c(q) = -11*q - 898. Determine c(-81).
-7
Let h(y) = 2*y**2 - 40*y + 159. Give h(18).
87
Let s(h) = 5*h**2 - 489*h + 850. Determine s(96).
-14
Let b(h) = 557*h - 15043. Determine b(27).
-4
Let v(u) = -3*u**2 + 18*u + 18. Give v(5).
33
Let l(h) = -33*h**2 + 4*h - 9. Give l(3).
-294
Let u(j) = 57*j - 324. What is u(6)?
18
Let n(j) = 46*j + 177. What is n(-4)?
-7
Let v(z) = -50*z + 1441. Determine v(27).
91
Let j(h) = 16*h**3 - 3*h**2 + 28*h - 24. Calculate j(1).
17
Let u(q) = -251*q + 6279. Calculate u(25).
4
Let r(z) = z**3 + 9*z**2 - 628*z + 68. Give r(21).
110
Let s(i) = -i**2 - 23*i + 2319. Calculate s(38).
1
Let y(w) = -w**2 - 110*w - 313. Calculate y(-3).
8
Let y(k) = 79*k + 27. Give y(3).
264
Let o(j) = 2*j**2 + 110*j + 1116. Give o(-14).
-32
Let a(p) = -p - 103. What is a(-27)?
-76
Let s(t) = 208*t + 4782. Calculate s(-23).
-2
Let a(j) = j**3 - 6*j**2 - 36*j + 62. What is a(9)?
-19
Let f(b) = -2*b**2 + 30*b - 92. Give f(13).
-40
Let i(x) = -402*x + 410. Calculate i(1).
8
Let x(j) = -j**3 + 6*j**2 - 54*j - 8. Calculate x(8).
-568
Let b(j) = -2*j**3 - 19*j**2 - 9*j + 1. Calculate b(-9).
1
Let u(x) = -x**2 + 17*x - 161. Give u(16).
-145
Let w(m) = -3*m**2 - 283*m + 1350. Give w(-99).
-36
Let y(l) = -53*l - 1371. Determine y(-24).
-99
Let x(u) = 3*u**3 - 4*u**2 + 194*u - 598. Calculate x(3).
29
Let g(y) = -y**2 - 193*y - 1988. Calculate g(-11).
14
Let m(c) = -c**3 + 16*c**2 - 9*c - 34. Give m(15).
56
Let p(w) = w**2 - 19*w - 92. Give p(21).
-50
Let r(w) = w**